{"id":119,"date":"2023-04-04T15:43:19","date_gmt":"2023-04-04T13:43:19","guid":{"rendered":"https:\/\/suneko.pl\/?page_id=119"},"modified":"2026-03-23T16:11:18","modified_gmt":"2026-03-23T15:11:18","slug":"regulamin","status":"publish","type":"page","link":"https:\/\/suneko.pl\/eng\/regulamin\/","title":{"rendered":"Regulamin"},"content":{"rendered":"<h2>REGULAMIN SERWISU INTERNETOWEGO<\/h2>\n<p>&nbsp;<\/p>\n<h4>\u00a71 Postanowienia og\u00f3lne<\/h4>\n<ol>\n<li>Niniejszy Regulamin okre\u015bla zasady korzystania z serwisu internetowego dost\u0119pnego pod adresem www.suneko.pl.<\/li>\n<li>W\u0142a\u015bcicielem serwisu jest Micha\u0142 G\u00f3rkiewicz SUNEKO, ul. Marii Sk\u0142odowskiej-Curie 16, 32\u2011640 Zator, NIP 6462078407, REGON 241828399.<\/li>\n<li>Kontakt z Administratorem mo\u017cliwy jest pod adresem: biuro@suneko.pl<\/li>\n<li>Serwis ma charakter informacyjny B2B.<\/li>\n<\/ol>\n<h4>\u00a72 Definicje<\/h4>\n<ol>\n<li>U\u017cytkownik \u2013 osoba korzystaj\u0105ca z serwisu.<\/li>\n<li>Administrator \u2013 Micha\u0142 G\u00f3rkiewicz SUNEKO<\/li>\n<\/ol>\n<h4>\u00a73 Zasady korzystania<\/h4>\n<ol>\n<li>U\u017cytkownik mo\u017ce przegl\u0105da\u0107 tre\u015bci oraz kontaktowa\u0107 si\u0119 poprzez formularz.<\/li>\n<li>Zabronione jest kopiowanie tre\u015bci bez zgody Administratora oraz ingerowanie w dzia\u0142anie serwisu.<\/li>\n<\/ol>\n<h4>\u00a74 Odpowiedzialno\u015b\u0107<\/h4>\n<ol>\n<li>Informacje nie stanowi\u0105 oferty handlowej.<\/li>\n<li>Administrator nie odpowiada za przerwy techniczne oraz dzia\u0142anie stron zewn\u0119trznych.<\/li>\n<\/ol>\n<h4>\u00a75 W\u0142asno\u015b\u0107 intelektualna<\/h4>\n<ol>\n<li>Tre\u015bci, grafiki i materia\u0142y stanowi\u0105 w\u0142asno\u015b\u0107 Administratora.<\/li>\n<\/ol>\n<h4>\u00a76 Dane osobowe<\/h4>\n<ol>\n<li>Zasady przetwarzania danych okre\u015bla <a href=\"\/eng\/polityka-prywatnosci\/\" target=\"_blank\" rel=\"noopener\">Polityka Prywatno\u015bci<\/a>.<\/li>\n<\/ol>\n<h4>\u00a77 Postanowienia ko\u0144cowe<\/h4>\n<ol>\n<li>Regulamin podlega prawu polskiemu.<\/li>\n<\/ol>","protected":false},"excerpt":{"rendered":"<p>REGULAMIN SERWISU INTERNETOWEGO &nbsp; \u00a71 Postanowienia og\u00f3lne Niniejszy Regulamin okre\u015bla zasady korzystania z serwisu internetowego dost\u0119pnego pod adresem www.suneko.pl. W\u0142a\u015bcicielem serwisu jest Micha\u0142 G\u00f3rkiewicz SUNEKO, ul. Marii Sk\u0142odowskiej-Curie 16, 32\u2011640 Zator, NIP 6462078407, REGON 241828399. Kontakt z Administratorem mo\u017cliwy jest pod adresem: biuro@suneko.pl Serwis ma charakter informacyjny B2B. \u00a72 Definicje U\u017cytkownik \u2013 osoba korzystaj\u0105ca z &hellip; <a href=\"https:\/\/suneko.pl\/eng\/regulamin\/\">Continued<\/a><\/p>","protected":false},"author":1,"featured_media":0,"parent":0,"menu_order":0,"comment_status":"closed","ping_status":"closed","template":"","meta":{"footnotes":""},"class_list":["post-119","page","type-page","status-publish","hentry"],"acf":[],"yoast_head":"<!-- This site is optimized with the Yoast SEO plugin v25.5 - https:\/\/yoast.com\/wordpress\/plugins\/seo\/ -->\n<title>Regulamin - Suneko<\/title>\n<meta name=\"robots\" content=\"index, follow, max-snippet:-1, max-image-preview:large, max-video-preview:-1\" \/>\n<link rel=\"canonical\" href=\"https:\/\/suneko.pl\/eng\/regulamin\/\" \/>\n<meta property=\"og:locale\" content=\"en_US\" \/>\n<meta property=\"og:type\" content=\"article\" \/>\n<meta property=\"og:title\" content=\"Regulamin - Suneko\" \/>\n<meta property=\"og:description\" content=\"REGULAMIN SERWISU INTERNETOWEGO &nbsp; \u00a71 Postanowienia og\u00f3lne Niniejszy Regulamin okre\u015bla zasady korzystania z serwisu internetowego dost\u0119pnego pod adresem www.suneko.pl. W\u0142a\u015bcicielem serwisu jest Micha\u0142 G\u00f3rkiewicz SUNEKO, ul. Marii Sk\u0142odowskiej-Curie 16, 32\u2011640 Zator, NIP 6462078407, REGON 241828399. Kontakt z Administratorem mo\u017cliwy jest pod adresem: biuro@suneko.pl Serwis ma charakter informacyjny B2B. \u00a72 Definicje U\u017cytkownik \u2013 osoba korzystaj\u0105ca z &hellip; Continued\" \/>\n<meta property=\"og:url\" content=\"https:\/\/suneko.pl\/eng\/regulamin\/\" \/>\n<meta property=\"og:site_name\" content=\"Suneko\" \/>\n<meta property=\"article:modified_time\" content=\"2026-03-23T15:11:18+00:00\" \/>\n<meta name=\"twitter:card\" content=\"summary_large_image\" \/>\n<meta name=\"twitter:label1\" content=\"Est. reading time\" \/>\n\t<meta name=\"twitter:data1\" content=\"1 minute\" \/>\n<script type=\"application\/ld+json\" class=\"yoast-schema-graph\">{\"@context\":\"https:\/\/schema.org\",\"@graph\":[{\"@type\":\"WebPage\",\"@id\":\"https:\/\/suneko.pl\/regulamin\/\",\"url\":\"https:\/\/suneko.pl\/regulamin\/\",\"name\":\"Regulamin - Suneko\",\"isPartOf\":{\"@id\":\"https:\/\/suneko.pl\/#website\"},\"datePublished\":\"2023-04-04T13:43:19+00:00\",\"dateModified\":\"2026-03-23T15:11:18+00:00\",\"breadcrumb\":{\"@id\":\"https:\/\/suneko.pl\/regulamin\/#breadcrumb\"},\"inLanguage\":\"en-US\",\"potentialAction\":[{\"@type\":\"ReadAction\",\"target\":[\"https:\/\/suneko.pl\/regulamin\/\"]}]},{\"@type\":\"BreadcrumbList\",\"@id\":\"https:\/\/suneko.pl\/regulamin\/#breadcrumb\",\"itemListElement\":[{\"@type\":\"ListItem\",\"position\":1,\"name\":\"Strona g\u0142\u00f3wna\",\"item\":\"https:\/\/suneko.pl\/\"},{\"@type\":\"ListItem\",\"position\":2,\"name\":\"Regulamin\"}]},{\"@type\":\"WebSite\",\"@id\":\"https:\/\/suneko.pl\/#website\",\"url\":\"https:\/\/suneko.pl\/\",\"name\":\"Suneko\",\"description\":\"\",\"publisher\":{\"@id\":\"https:\/\/suneko.pl\/#organization\"},\"potentialAction\":[{\"@type\":\"SearchAction\",\"target\":{\"@type\":\"EntryPoint\",\"urlTemplate\":\"https:\/\/suneko.pl\/?s={search_term_string}\"},\"query-input\":{\"@type\":\"PropertyValueSpecification\",\"valueRequired\":true,\"valueName\":\"search_term_string\"}}],\"inLanguage\":\"en-US\"},{\"@type\":\"Organization\",\"@id\":\"https:\/\/suneko.pl\/#organization\",\"name\":\"Suneko\",\"url\":\"https:\/\/suneko.pl\/\",\"logo\":{\"@type\":\"ImageObject\",\"inLanguage\":\"en-US\",\"@id\":\"https:\/\/suneko.pl\/#\/schema\/logo\/image\/\",\"url\":\"https:\/\/suneko.pl\/wp-content\/uploads\/2023\/03\/cropped-logo-2.png\",\"contentUrl\":\"https:\/\/suneko.pl\/wp-content\/uploads\/2023\/03\/cropped-logo-2.png\",\"width\":350,\"height\":85,\"caption\":\"Suneko\"},\"image\":{\"@id\":\"https:\/\/suneko.pl\/#\/schema\/logo\/image\/\"}}]}<\/script>\n<!-- \/ Yoast SEO plugin. -->","yoast_head_json":{"title":"Regulamin - Suneko","robots":{"index":"index","follow":"follow","max-snippet":"max-snippet:-1","max-image-preview":"max-image-preview:large","max-video-preview":"max-video-preview:-1"},"canonical":"https:\/\/suneko.pl\/eng\/regulamin\/","og_locale":"en_US","og_type":"article","og_title":"Regulamin - Suneko","og_description":"REGULAMIN SERWISU INTERNETOWEGO &nbsp; \u00a71 Postanowienia og\u00f3lne Niniejszy Regulamin okre\u015bla zasady korzystania z serwisu internetowego dost\u0119pnego pod adresem www.suneko.pl. W\u0142a\u015bcicielem serwisu jest Micha\u0142 G\u00f3rkiewicz SUNEKO, ul. Marii Sk\u0142odowskiej-Curie 16, 32\u2011640 Zator, NIP 6462078407, REGON 241828399. Kontakt z Administratorem mo\u017cliwy jest pod adresem: biuro@suneko.pl Serwis ma charakter informacyjny B2B. \u00a72 Definicje U\u017cytkownik \u2013 osoba korzystaj\u0105ca z &hellip; Continued","og_url":"https:\/\/suneko.pl\/eng\/regulamin\/","og_site_name":"Suneko","article_modified_time":"2026-03-23T15:11:18+00:00","twitter_card":"summary_large_image","twitter_misc":{"Est. reading time":"1 minute"},"schema":{"@context":"https:\/\/schema.org","@graph":[{"@type":"WebPage","@id":"https:\/\/suneko.pl\/regulamin\/","url":"https:\/\/suneko.pl\/regulamin\/","name":"Regulamin - Suneko","isPartOf":{"@id":"https:\/\/suneko.pl\/#website"},"datePublished":"2023-04-04T13:43:19+00:00","dateModified":"2026-03-23T15:11:18+00:00","breadcrumb":{"@id":"https:\/\/suneko.pl\/regulamin\/#breadcrumb"},"inLanguage":"en-US","potentialAction":[{"@type":"ReadAction","target":["https:\/\/suneko.pl\/regulamin\/"]}]},{"@type":"BreadcrumbList","@id":"https:\/\/suneko.pl\/regulamin\/#breadcrumb","itemListElement":[{"@type":"ListItem","position":1,"name":"Strona g\u0142\u00f3wna","item":"https:\/\/suneko.pl\/"},{"@type":"ListItem","position":2,"name":"Regulamin"}]},{"@type":"WebSite","@id":"https:\/\/suneko.pl\/#website","url":"https:\/\/suneko.pl\/","name":"Suneko","description":"","publisher":{"@id":"https:\/\/suneko.pl\/#organization"},"potentialAction":[{"@type":"SearchAction","target":{"@type":"EntryPoint","urlTemplate":"https:\/\/suneko.pl\/?s={search_term_string}"},"query-input":{"@type":"PropertyValueSpecification","valueRequired":true,"valueName":"search_term_string"}}],"inLanguage":"en-US"},{"@type":"Organization","@id":"https:\/\/suneko.pl\/#organization","name":"Suneko","url":"https:\/\/suneko.pl\/","logo":{"@type":"ImageObject","inLanguage":"en-US","@id":"https:\/\/suneko.pl\/#\/schema\/logo\/image\/","url":"https:\/\/suneko.pl\/wp-content\/uploads\/2023\/03\/cropped-logo-2.png","contentUrl":"https:\/\/suneko.pl\/wp-content\/uploads\/2023\/03\/cropped-logo-2.png","width":350,"height":85,"caption":"Suneko"},"image":{"@id":"https:\/\/suneko.pl\/#\/schema\/logo\/image\/"}}]}},"_links":{"self":[{"href":"https:\/\/suneko.pl\/eng\/wp-json\/wp\/v2\/pages\/119","targetHints":{"allow":["GET"]}}],"collection":[{"href":"https:\/\/suneko.pl\/eng\/wp-json\/wp\/v2\/pages"}],"about":[{"href":"https:\/\/suneko.pl\/eng\/wp-json\/wp\/v2\/types\/page"}],"author":[{"embeddable":true,"href":"https:\/\/suneko.pl\/eng\/wp-json\/wp\/v2\/users\/1"}],"replies":[{"embeddable":true,"href":"https:\/\/suneko.pl\/eng\/wp-json\/wp\/v2\/comments?post=119"}],"version-history":[{"count":0,"href":"https:\/\/suneko.pl\/eng\/wp-json\/wp\/v2\/pages\/119\/revisions"}],"wp:attachment":[{"href":"https:\/\/suneko.pl\/eng\/wp-json\/wp\/v2\/media?parent=119"}],"curies":[{"name":"wp","href":"https:\/\/api.w.org\/{rel}","templated":true}]}}